+ 1092. What is the hundreds digit of p?
7
What is the thousands digit of (66012/(-8))/(-3) - 15/6?
2
Let g be (-4)/14 + 15/((-735)/574). What is the hundreds digit of (-184)/4*3*22/g?
2
Let t(y) = -11*y**2 - 1676*y + 313. What is the tens digit of t(-135)?
9
Let r(n) = n**3 - 10*n**2 + 20*n - 610. What is the ten thousands digit of r(28)?
1
Suppose 5 = d - 4*q, -d - 29 = 5*q + 11. What is the tens digit of ((-10)/d)/((-3)/(-1566))?
4
Let r(p) = 4*p**3 - 7*p**2 - 50*p + 171. What is the units digit of r(4)?
5
Suppose -187*m + 183*m - 2*r + 176022 = 0, 4*r = m - 43974. What is the hundreds digit of m?
0
Suppose -a - 66 = -4*h + 1532, -2*h - a + 802 = 0. Let t = h + -266. Suppose y - t = 34. What is the units digit of y?
8
Suppose 9*n + 31 + 131 = 0. Let f = n - -22. Suppose -10*c = -f*c - 66. What is the units digit of c?
1
What is the tens digit of ((651/(-2))/(-7))/(4/704*8)?
2
Suppose 2*m + 65 = 25. What is the units digit of (-2078)/(-8) + 15/m?
9
Let j(x) = -7*x - 52. Let c be j(-8). Suppose -1064 = -5*k - 2*t + 1084, -c*k = 2*t - 1718. What is the tens digit of k?
3
Suppose 0 = -4*t - m + 901, 0 = -5*t - 2*m + m + 1126. What is the units digit of t?
5
Suppose -74*y + 399 + 193 = 0. Let a(b) be the second derivative of 29*b**3/6 + 9*b**2 - b. What is the units digit of a(y)?
0
Suppose -28*o - 512 = -1884. What is the units digit of o?
9
What is the thousands digit of 700752/58 - 138/(-2001)?
2
Suppose 0*c = -c + 5. Let j(s) = 79*s**2 + 0 - 5*s - 73*s**2 - 1. What is the tens digit of j(c)?
2
Suppose -5*j + 46 - 36 = 0. Let a be 875/21 - j/(-6). Let h = a - -151. What is the units digit of h?
3
Suppose -2*u + 714 = 4*a, 0 = -6*a + 2*a - 4. Let i = -129 + u. What is the tens digit of i?
3
Suppose -635*c - 13694 = -w - 637*c, 0 = 2*c - 12. What is the hundreds digit of w?
6
Suppose 0 = -s + 2*v + 18161, 0 = -4*s + 2*v - 4*v + 72614. What is the thousands digit of s?
8
Let n = -483 + 486. Suppose -n*t = 374 - 2432. What is the tens digit of t?
8
Let p(c) = 11*c**2 - 13*c. Let g(d) = d**2 + 3*d + 6. Let v be g(-3). What is the hundreds digit of p(v)?
3
Suppose -18*m + 9177 - 28995 = 0. Let f = m + 1750. What is the hundreds digit of f?
6
Let z(l) = 3*l**3 - 6*l**2 - 74*l + 753. What is the thousands digit of z(14)?
6
Let f be (-441)/6*-2*1/3. Let r = f + -59. What is the units digit of (-2)/(-4)*56/r*-85?
8
Let f be (-1456)/(-12) - (7/3 + -2). Let p = f + -79. What is the units digit of 5490/p - (-4)/14?
1
Let z = 3069 + 4545. What is the units digit of z?
4
Let s(a) = a**3 + a**2 + 5*a + 798. Let l be s(0). Suppose 8 = m + 6. Suppose -m*t - 5*t = -l. What is the units digit of t?
4
Let y(j) = -j**2 + 9*j + 19. Let o be y(11). Let z be (-40)/15*o - -4. Let b(k) = k**3 - 11*k**2 + 27. What is the units digit of b(z)?
1
Suppose 0 = -k - 2*k + 4982 + 28531. What is the ten thousands digit of k?
1
Suppose 0 = -4*l - 5*w + 162098, -169*w + 167*w = 5*l - 202648. What is the ten thousands digit of l?
4
Suppose 10 = 3*n - m, -4*m - m - 6 = -4*n. What is the units digit of n/(-10) - 9646/(-65)?
8
Let g(r) be the first derivative of 5*r**2 + 47*r - 4. What is the hundreds digit of g(22)?
2
Let i = -1366 - -3733. Suppose 2*v + 5*a = 1571, -6*v = -3*v + 4*a - i. What is the hundreds digit of v?
7
Let o(b) = 19*b**2 + 43*b + 136. What is the hundreds digit of o(22)?
2
Suppose -5*w + 7 = -18. Suppose -4 = -4*i - 2*t - 0, 10 = -5*i + w*t. Suppose i = -5*z + 649 + 106. What is the units digit of z?
1
Let k = -98 - -47. Let d = 68 + k. Let f(b) = -b**3 + 17*b**2 + 8*b + 5. What is the units digit of f(d)?
1
Let y(b) = 28*b**2 + 412*b - 41. What is the thousands digit of y(-19)?
2
Let r be 8/(40/25) + -3. Suppose -3*o - r*x = -1429, -8*o + 2*x + 2403 = -3*o. What is the tens digit of o?
7
Let i(n) = -6*n + 39. Let h be i(6). Let z(x) = -x. Let g(q) = -8*q**2 - 4. Let c(f) = -g(f) + 5*z(f). What is the tens digit of c(h)?
6
Suppose 2532 = -5*i + y, 0*i - 3*y = i + 516. Suppose 7*q = -457 - 1601. Let h = q - i. What is the units digit of h?
3
Suppose 5*k = 2*m + 210548, -3*k - 33177 + 159468 = 3*m. What is the tens digit of k?
0
Let z(b) = -77*b - 86*b + 164*b - 1 + 180*b**3. What is the tens digit of z(1)?
8
Let k be ((-38)/(-8) + -1)*(-528)/(-18). What is the hundreds digit of (k/7)/(8/56) + -3?
1
Let z(t) = -t**2 + 3*t + 8. Let m(f) = -f**2 + 15*f + 20. Let n be m(16). Let h be z(n). What is the tens digit of 226*-1*h/(-8)?
1
Let g(f) = 23*f**2 - 28 + 44 + 12*f + 18*f - 24. What is the tens digit of g(5)?
1
Let i(z) = 1861*z**2 + 60*z - 115. What is the thousands digit of i(2)?
7
Let a be 84/6*(-3)/(-6). Suppose 13 + 71 = a*w. What is the units digit of w/6 + (-1 - -146)?
7
Let v(r) = r**2 + 10*r + 22. Let n be v(-6). What is the units digit of (-1)/((-3)/591) + 4/n?
5
Let n(m) be the third derivative of m**6/120 - 8*m**5/15 - m**4 + 49*m**3/6 + 74*m**2. What is the tens digit of n(33)?
4
Suppose q + 5*h = -3 - 0, -15 = -3*q - 3*h. Suppose 0 = g + 6*g + q. What is the units digit of (2/(-6))/(g/12)?
4
Suppose -2*q + 2 = -v - 0, 3*v = 3*q. Suppose 2 = 4*g - v*g. What is the tens digit of 18*(-3 + 4)*g?
1
Let f be (44/11 + 0)*(2 + -1). Suppose -5*d = -f*a + 5*a - 270, a + 2*d - 279 = 0. What is the units digit of a?
5
Let r(j) be the third derivative of 9*j**5/20 - 5*j**4/8 + 22*j**3/3 + 150*j**2. What is the units digit of r(5)?
4
Let k = 25 + 42. Suppose k = -13*w + 1263. What is the units digit of w?
2
Suppose 0 = -o + 2*o + 2. Let i(q) = -13*q**3 + 3*q**2 - 2. Let r be i(o). Let c = r + -67. What is the units digit of c?
7
Suppose x + 4 = -1. Let q(i) = i**2 - 28*i + 3. What is the units digit of q(x)?
8
Let h(p) = -p**3 - 19*p**2 + p - 15. Let j be h(-19). Let l = -23 - j. Suppose 150 - l = f. What is the tens digit of f?
3
Let g(d) = 7*d**3 + d**2 + 2*d - 4. Let s be g(4). Let i = s + -126. What is the units digit of i?
2
Suppose -116012 - 99980 = -24*n - 92*n. What is the hundreds digit of n?
8
What is the hundreds digit of -15 + (2497 - (-30)/2)?
4
Let g be (2/(16/6))/(1/4). Suppose -g*t + 19 = 4. Suppose -549 = -t*k - m, -k - m = -94 - 19. What is the hundreds digit of k?
1
Suppose 3*u = u + 8. Suppose 2*j = -u*n + 2302, 3*j = 2*j - 5. What is the hundreds digit of n?
5
Let q(j) = j**2 - 51*j - 1468. What is the hundreds digit of q(-145)?
9
Suppose -15*p - 99956 = -3*u - 17*p, -3*p = 5*u - 166594. What is the units digit of u?
0
Suppose 5*s = 16*s - 957. Suppose s = l - 3*o, 5*o - 120 = -l - 25. What is the units digit of l?
0
Let t(s) = s**3 - 13*s**2 - 13*s + 7. Let i be t(14). What is the hundreds digit of 102 + 1 - (3 + i/(-3))?
1
Let c = 2338 - -1256. What is the tens digit of c?
9
Let o = -56 - -62. Let y be (1/((-2)/o) + 2)/1. What is the units digit of ((-90)/(-12))/(y/(-2))?
5
Let x(s) = 15*s - 241 + 5*s - 167 + 26*s + 152. What is the tens digit of x(22)?
5
Suppose -1835 = 7*s + 13. Let f = s + 619. Let b = f + -127. What is the units digit of b?
8
Suppose 13 = -4*f - 3*l - 42, 0 = -5*f + 3*l - 89. Let o = f + 18. Suppose -8*n + 3*n = 3*x - 319, -n - o*x + 61 = 0. What is the tens digit of n?
6
Suppose 30 - 7 = 5*k - 2*r, k - 4 = r. Suppose -k*w = -3*w - 96. What is the tens digit of w?
4
Let l = -246 - -246. Suppose l = 6*h - 114 - 558. What is the tens digit of h?
1
Let t(a) = -3*a + 31. Let p be t(9). Suppose o - 14 = -4*n, 2*o - p*o = -5*n + 11. Suppose o*j - 541 = -79. What is the tens digit of j?
3
Suppose -119 - 95 = -w. Let f(x) = -w*x - 3 + 6 + 127*x. What is the units digit of f(-1)?
0
Suppose 3*w - t = -2*t + 10, 5*w = -5*t. Suppose 0*a = a - y - 4, -w*y = -3*a + 16. Suppose -r + 114 = -a. What is the units digit of r?
6
Suppose 2*v + w - 12037 = 0, -2699 - 3302 = -v + 3*w. What is the tens digit of v?
1
Let o(v) be the second derivative of -v**5/10 + v**4/6 + 13*v**2/2 + 42*v. What is the hundreds digit of o(-5)?
3
Let p(i) = -27*i**3 - 4*i**2 - 19. What is the hundreds digit of p(-5)?
2
What is the tens digit of 1/(1/(-26853))*(-15 - 1320/(-99))?
5
Let p be (-45)/(-6) - ((-8)/(-16) + -1). Suppose -p*j - 6660 = -14*j. What is the thousands digit of j?
1
Suppose 0 = -3*m - 5*p + 25, -8*m = -6*m + p - 5. Suppose t + 8 = -4*a, m*t - 4*t = 3*a - 7. What is the units digit of (a/2*-29)/(12/16)?
8
Let w = -51585 - -72658. What is the